e (6/(-2) - (-1 - 6)) + -1. Let r(g) = g + 4*g**3 + g**3 - 4*g**3 + x - 4. What is r(2)?
9
Suppose z + 2*b + 44 = -0*b, b = 3*z + 139. Let m = z + 38. Let k(h) = -4*h - 12. Calculate k(m).
20
Suppose -33*t - 104 = -t + 56. Let s(n) = -2*n - 5 + n**3 + 0 + 4*n + 6*n**2 + 2*n. Give s(t).
0
Let v(x) = -3*x**2 - 39*x - 4. Let n be (-3)/((-4 - 3)/14) + (0 - 19). Give v(n).
-4
Let q(j) = 1 + 1 + 5 + j + 1619*j**3 - 1618*j**3. Calculate q(-3).
-23
Let a(j) be the second derivative of -j**4/6 + 14*j**3/3 - 6*j**2 - 8*j + 24. Determine a(14).
-12
Let r(o) = 2*o**2 + 1. Let b be r(2). Let a(i) be the second derivative of -i**4/12 + 3*i**3/2 + 5*i**2 + i + 9227. Determine a(b).
10
Let l(f) = 9 + 29 + 2 - f - 2 + 34. Give l(17).
55
Let g(w) = 2*w**2 + 42*w - 14 - w**3 - 20*w + 0*w**3 - 6*w**2 - 27*w. Let o(b) = -b**3 - 4*b**2 - 4*b - 12. Let k(f) = -6*g(f) + 7*o(f). Give k(-4).
-8
Let v(y) = y**3 + 8*y**2 + 9*y - 7. Let k(c) = c**3 - 96*c**2 + 98*c - 291. Let u be k(95). Give v(u).
11
Let u be 1 + (-90)/(-25) + (-18)/(-45). Let v(b) = 0 - b**2 + 3*b - 7 + 3*b. Give v(u).
-2
Let v(u) = -8*u - 12. Let s(t) be the first derivative of -t**3/3 - 41*t**2/2 - 116*t - 334. Let n be s(-3). Give v(n).
4
Let b(a) = -8*a + 7. Let t = 1932 + -1925. Determine b(t).
-49
Let h be ((-176)/(-40) - 710/150) + (-35)/3. Let l = -15 - -26. Let d(i) = -2 - 4 + i**3 - l*i + 11*i**2 + 18. What is d(h)?
0
Let z = 62 - 59. Suppose 2*h - 46 = -5*s, z*h = 3*s - 6 - 9. Let t(u) = 6*u - 6*u - s - 3*u + u. Determine t(-6).
4
Let h = 3 - -234. Let p = 397 - 161. Let o(y) = -1 + h*y - y**3 - 2*y**2 - p*y - 1. What is o(-2)?
-4
Suppose -4*n = -n - 12. Let t(c) = -23*c**2 - 11*c - 53. Let h(y) = 8*y**2 + 4*y + 19. Let z(x) = -17*h(x) - 6*t(x). Calculate z(n).
19
Suppose 20*z = 9*z + 132. Let o be (9/z)/(18/24). Let b(j) = 2*j - 4*j**2 - 3 - 1 + 3. Calculate b(o).
-3
Let o(n) = -3*n**3 - 3*n**2 + 3. Suppose -20*d - 21 = 21*d - 34*d. What is o(d)?
57
Let k(n) = -13*n + 2. Let r(s) be the first derivative of 4*s**3/3 - 74*s**2 - 4*s + 90. Let x be r(37). Give k(x).
54
Suppose -1673*h - 30 = -1658*h. Let a(v) = 5*v**3 + 4*v**2 + 4*v + 2. Determine a(h).
-30
Suppose -5*p = -g + 20, -276*g + 278*g = -10. Let d(w) = -w**2 + 6. Determine d(p).
-19
Let t(i) be the first derivative of -5/2*i**2 + 21 - 7*i + 1/6*i**3. Let h(n) be the first derivative of t(n). What is h(0)?
-5
Let s(a) = -a**2 - 3*a + 45. Let i be s(-8). Let p(c) be the first derivative of -2*c**2 - 1. Let d(r) = 3*r. Let y(t) = i*d(t) + 4*p(t). Give y(-2).
2
Let q(y) = -20*y - 5. Let r(u) = 29*u - 5. Let f(i) = -58*i + 12. Let s(h) = -6*f(h) - 13*r(h). Let v(j) = -7*q(j) + 5*s(j). Determine v(1).
-5
Let x(j) be the first derivative of -1/3*j**3 - 1/4*j**4 + 231 + 0*j**2 + 15*j. Calculate x(0).
15
Let i be 7/14 - 19/(-2). Suppose 0 = i*d - 9*d - 7. Let m(j) = -3*j**2 + 4*j**2 + j + 0*j**2 + 7 - d*j. Determine m(5).
2
Let a(f) = 7*f**2 - 1. Suppose 18*o - 19*o = -73. Suppose 76*m - 3 = o*m. Determine a(m).
6
Let f(h) = -h**3 - 18*h**2 + 7. Let x = 4850 + -4868. Determine f(x).
7
Let t(g) = -10 + 7*g - 19 + 41 + 0*g**2 - g**2 + 2*g**2 - 5. Let z be (-2*1)/(2/3). Give t(z).
-5
Let c = -443 + 651. Let o = c + -208. Let w(y) be the first derivative of y**2/2 + 10*y - 1. What is w(o)?
10
Let p(f) = -23*f - 29. Let o(i) = -11*i - 13. Let d(a) = -7*o(a) + 3*p(a). Let n(k) = k**2 - 16*k + 36. Let v be n(13). Give d(v).
-20
Let x(a) be the second derivative of a**3/6 - 35*a**2/2 - 5*a - 224. What is x(21)?
-14
Let d(c) = -3*c**2 + 8*c - 38. Suppose -33*x = 175 - 340. Calculate d(x).
-73
Let i(g) be the second derivative of 0*g**4 + 4 - 6*g + g**2 - 1/10*g**5 + 1/6*g**3. What is i(-1)?
3
Let n(b) = -2 - 3487*b**2 + 3486*b**2 + 85*b - 82*b - 14*b**3. Give n(1).
-14
Let c(o) = 2*o**3 - 18*o - 18*o**2 + 2*o**3 + 4*o**3 - 11 - 5*o**3 - 4*o**3. Determine c(-17).
6
Let p(w) = w**3 - 4*w**2 - 3. Suppose -4*s = s - 80. Let o be 264/s + 1/(-2). Let d = o - 12. What is p(d)?
-3
Let n(g) = -g**3 + 3*g**2 - 2*g + 1. Let k(z) = z**3 - 10*z**2 + 21*z + 10. Let d be k(7). Suppose -t - 3*t - 8 = 0. Let p be -1*(d/t + 4). Calculate n(p).
1
Let i(x) = -2*x**3 - 15*x**2 + 11*x + 12. Let v be (1 + 0)/(-4 - (-217)/56). Calculate i(v).
-12
Let j(x) = 6*x + 0 - 1 + 0 + 5. Let n = 315 + -170. Suppose n = -7*s + 124. What is j(s)?
-14
Let f(u) = -3*u**2 - 16*u + 233. Let c(v) = 2*v**2 + 10*v - 153. Let p(i) = -8*c(i) - 5*f(i). Give p(0).
59
Let g be ((-15)/20 - 55/(-132))*10/(-4). Let o(c) be the second derivative of 2*c**2 + g*c**3 + 0 + 11*c - 1/12*c**4. Determine o(6).
-2
Let j(q) = -4*q + 155. Let m(k) = -k**2 + 8*k + 2325. Let w be m(52). Give j(w).
7
Let r(t) = t**3 + 4*t**2 - 4*t + 7. Suppose -35 + 85 = -10*m. Give r(m).
2
Let t(z) = -72*z + 1010. Let q be t(14). Let n(x) = x**3 + x**2 - x + 6. Determine n(q).
16
Let u(p) = -140 - 112*p - 24 + 1 - 111 + 182*p. Calculate u(4).
6
Let c = -3267 + 3260. Let l(i) = -i - 1. Determine l(c).
6
Let m(k) = k**2 + 8*k + 8. Let y be m(17). Let x = -429 + y. Let d(h) = -h**2 + 3*h - 2. Give d(x).
-6
Let v be 1*(-3)/3 + 0. Let a be (2 - v) + -4 - -3. Let w(o) = 13 - 5*o**a - o**3 - 29 + 18 + 8*o. Calculate w(-6).
-10
Let d(m) be the first derivative of m**4/4 - 4*m**3/3 - 2*m**2 + 2*m + 3. Let n = -131 + 137. Suppose 0 = -5*c - 5*v + 20, n*c - 5*v = 7*c. Calculate d(c).
7
Let t(y) = -y**2 + 3*y + 183. Let v(c) = 19*c + 585. Let g be v(-30). Determine t(g).
3
Let x be (216/(-576))/((-6)/8). Let a(l) be the first derivative of 16 + 0*l + x*l**2. Give a(-1).
-1
Let u be (78/(-18) - (1 + -6))/(18/54). Let o(w) = 74*w - 151. Give o(u).
-3
Let n(w) = 16*w**2 + 22*w - 5. Let l = -19 - -13. Let x(o) = -14*o**2 - 20*o + 5. Let v(t) = l*n(t) - 7*x(t). Give v(-7).
37
Let c(h) = h**2 + 32*h + 60. Let j be c(-30). Let l(n) be the second derivative of -n**4/12 - n**3/6 + n**2/2 + 12*n. What is l(j)?
1
Let q(h) = -h**2 - 6*h + 13. Let r(u) be the third derivative of -u**5/60 + u**4/8 + 40*u**3/3 + 2*u**2 - 23*u. Let n be r(-8). What is q(n)?
-3
Let l(c) = -c - 4. Let q(b) = 3*b + 12. Suppose -5*x = 5*r + 15, 4*x + 7 + 12 = -5*r. Let a(s) = r*l(s) - 2*q(s). Let u be (1 + -1)*(0 - 1). Calculate a(u).
4
Let f(b) be the second derivative of -2*b**3/3 - 4*b**2 - 3*b - 46. Calculate f(-6).
16
Let f = 3787 + -3778. Let p(b) = b - 14. Give p(f).
-5
Suppose 518*z = 523*z. Let j be -1 + -1 + (-4 - -8). Let l(f) = f**3 + f - 2*f**2 - 2*f**3 + 2*f**3 + 3*f**j + 11. What is l(z)?
11
Let p(o) = -o - 22388*o**2 + 11155*o**2 + 2*o - 1 + 11230*o**2. Let t = -6 + 8. Determine p(t).
-11
Let q(d) be the second derivative of -3 - 7*d - 7/3*d**3 + 1/2*d**2. Calculate q(1).
-13
Let t(q) = -q**3 + 4*q**2 + q + 2. Suppose 0 = 3*o + 4 + 5, -n = -2*o - 8. Suppose -2*a + 6*a = -m, 0 = n*m + 5*a - 9. Suppose 9*z - 12*z + m = 0. What is t(z)?
6
Suppose 16 = 7*i - 5*i. Let n(r) = 4*r**2 - 31*r - 8. What is n(i)?
0
Let t(o) = -o**3 + 2*o**2 - 5. Suppose 3*v + 5*y = 16, -4*v + 34*y - 30*y = 0. Calculate t(v).
-5
Let p(n) = 11871 + 3*n - 35617 + 11871 + 11879 - 2*n. Let b = -1 - -9. Give p(b).
12
Suppose 8*y - 40*y - 17*y = -147. Let w(l) = 4*l**2 - 7*l + 11. What is w(y)?
26
Let u(z) = -z**2 - z + 4. Let m(o) = 65*o - 22. Let l be m(-3). Let j = l - -217. Give u(j).
4
Let a(h) = h**3 + h**2 - 88*h + 2. Let w be a(9). Let m(k) = -k**2 + 7*k**2 - 3*k**3 - w + 7 + 56*k - 47*k + 2*k**3. Calculate m(7).
1
Let s = -7 - 3. Let l(r) = 2*r**3 - 9*r**2 + 13*r + 22. Let z(i) = i**3 - 9*i**2 + 13*i + 19. Let v(g) = -2*l(g) + 3*z(g). What is v(s)?
-17
Let q(x) = x**3 - 4*x**2 - 7*x + 4. Let s be -2 + (-8)/(-5) - 3264/(-960). Let d = 11 + -7. Suppose -4*i + 15 = d*b - s*b, -3*b = i + 10. Give q(i).
-6
Let x(t) = -5*t**2 + 24*t + 2. Let j(z) = -21*z**2 + 97*z + 6. Let d(g) = -3*j(g) + 13*x(g). Determine d(9).
35
Let f(v) = -2*v - 4. Let b(m) = -6*m - 34. Suppose -2*j - 2*j = -5*z + 22, -3*z + 2 = -j. Let s be b(j). Suppose 0 = 5*g - 3*g + s. What is f(g)?
10
Let o(b) = -b**2 - 9*b - 19. Suppose 2*d + 2 = 5*l + 34, 0 = 2*l - 2*d + 14. Let k be o(l). Let i(u) = -3*u. Calculate i(k).
3
Let f(x) = x**2 + 21*x - 6. Let c(m) = -2*m + 2. Let u(i) = 5*c(i) + f(i). What is u(-10)?
-6
Let t(a) be the second derivative of -a**4/12 + 9*a**2/2 - 834*a. Let b be -1*(-3)/(-6)*4. Let x = b - -2. Calc